 13?
11
Suppose -3*l + 144 + 33 = 0. Suppose -3*h - 450 = -6*h. What is the remainder when l is divided by (h/20)/(6/16)?
19
Suppose -29*a = -34*a + 245. Calculate the remainder when a is divided by 14.
7
Let f be (-1)/((-10)/(-6) - 2). Suppose o = 7*o - 12. Suppose w = f*w - o. What is the remainder when 3 is divided by w?
0
Let v = -20 + 63. What is the remainder when v is divided by 9?
7
Suppose 3*s + 9 = -2*x + 99, 5*x = 4*s - 143. Suppose 8 + s = y. What is the remainder when y is divided by (14/2)/((-2)/(-4))?
12
Suppose 4*b + 20 = -0*b. Calculate the remainder when 70/b*(-1 - 1) is divided by 10.
8
Suppose 15 = -4*l + 143. Calculate the remainder when l is divided by 17.
15
Let u = -5 + 1. Suppose 37 - 1 = 4*x. Let g = u + x. What is the remainder when g is divided by 3?
2
Let t(n) = -3*n - 6. Suppose 18 = 5*u + a + 48, 4*u = 2*a - 10. Let i be t(u). Suppose q = -2*q + i. Calculate the remainder when 5 is divided by q.
2
Let g = 80 - 42. Let x = 24 + 4. What is the remainder when g is divided by x/(2 - 0) - 1?
12
Let q(x) = 44*x**2 + x - 2. What is the remainder when q(1) is divided by 9?
7
Let n(a) = -a**3 + 8*a**2 + 23*a - 20. What is the remainder when 79 is divided by n(10)?
9
Suppose 5*g - 10 = 270. Let h = 0 + 4. Suppose -8 = -h*b + g. Calculate the remainder when b is divided by 6.
4
What is the remainder when (-37)/(-3 - -2) + -2 is divided by 2/13 - (-462)/39?
11
Let y = 166 + -112. What is the remainder when y is divided by 19?
16
What is the remainder when 20 is divided by 2 - -7 - (1 + 0 - 3)?
9
Calculate the remainder when 26 is divided by (-1)/(-3) - 56/(-12).
1
Suppose -y = -0*y. Let a = 2 + y. Suppose 4*r = 2*i + 42, -3*i + 47 = 3*r + a*r. Calculate the remainder when 18 is divided by r.
8
Suppose 0 = -0*s + 2*s, 0 = 2*n + s - 32. Let x = n - -16. Calculate the remainder when x is divided by 11.
10
Calculate the remainder when 5/10*(38 + 0) is divided by (-8 + 1)/(-2 - -1).
5
Suppose -d + 3*d + 120 = 0. Let s = -38 - d. What is the remainder when 43 is divided by s?
21
Let p(y) = y**2 + y + 4. Let f be p(0). Let c(u) = 7*u + 2. Let o be c(f). Let i = -2 + o. What is the remainder when i is divided by 10?
8
Let p(z) = -42*z. Let t be p(1). Let q = 229 + -146. Let a = t + q. Calculate the remainder when a is divided by 14.
13
Suppose 2*t + 2 = 0, -3*z - t - 19 = -0*t. What is the remainder when 18 is divided by (-1 + 2)/(-1) - z?
3
Suppose 115 = -9*g + 646. Calculate the remainder when g is divided by 12.
11
Calculate the remainder when 106 is divided by 352/11 - (-5 - -1).
34
Suppose 3*j + 9 = 4*j. Calculate the remainder when (-66)/(-2) - 1/(-1) is divided by j.
7
Let n = 0 - 5. Let l = 7 + n. Calculate the remainder when l is divided by 2.
0
Let d = 12 - 5. Let w = -2 + d. What is the remainder when 9 is divided by w?
4
Suppose 5*z - 20 - 75 = 0. What is the remainder when -7 + 78 - (-2 - 0) is divided by z?
16
Let n be 2 - (0 + 2 + -4). Suppose n*q = 150 - 26. What is the remainder when q is divided by 17?
14
Let f(c) = c**2 + 12*c + 2. Let g = -7 + 10. Suppose -3*o + 4*m + 77 = 0, 2*o - 48 - 9 = -g*m. What is the remainder when o is divided by f(-13)?
12
Let a = 102 + -67. What is the remainder when 137 is divided by a?
32
Suppose 3*w - 64 = w. Suppose 2*n - 5*h = -n + 41, -h + 2 = 0. Calculate the remainder when w is divided by n.
15
Let p(u) = -2*u - 36. Let w be p(0). Let c = -24 - w. What is the remainder when 22 is divided by c?
10
Let u(g) = g**3 + 5*g**2 - 7*g - 7. Let b be u(-6). Let m(w) = 7*w**2 + w + 1. Suppose -3*n + 0 + 57 = 0. Calculate the remainder when n is divided by m(b).
5
Let z(q) = 5*q. Let l be z(1). Suppose g - l*g + 64 = 0. Let d = 12 - 6. What is the remainder when g is divided by d?
4
Let q = 16 + -2. Let j(l) = -l**3 + 14*l**2 + 11. What is the remainder when j(q) is divided by 4?
3
Suppose -8*g = -6*g - 42. What is the remainder when 62 is divided by g?
20
Suppose 3*i - 4*j = 4*i - 43, 12 = 3*j. Suppose -4*d + i = -x, -d + x - 9 = -3*d. What is the remainder when 11 is divided by d?
5
What is the remainder when ((-146)/(-10))/((-4)/(-20)) is divided by 25?
23
Let u(o) = -o**3 + 3*o**2 + 2*o - 4. Let n be u(3). Suppose 0*w - 14 = -n*w. Let i = w + -3. Calculate the remainder when 9 is divided by i.
1
Suppose -13 = 36*l - 37*l. What is the remainder when 37 is divided by l?
11
Let o(r) be the first derivative of r**4/4 + 8*r**3/3 - 5*r**2 - 7*r - 1. Calculate the remainder when o(-9) is divided by 2.
0
Suppose 21*g + 75 = 24*g. Let t = -3 - -5. Suppose -13 = -3*n + t*n. Calculate the remainder when g is divided by n.
12
Let r be -4 + 2/4*4. Let w = r - -5. What is the remainder when 9 is divided by w?
0
Let w = 12 - 12. Suppose -r + 12 + 2 = w. What is the remainder when 41 is divided by r?
13
Suppose -a - 129 = -3*a + 5*k, -2*a - 3*k = -121. What is the remainder when 183 is divided by a?
59
Let j = -10 + 17. Let k = 11 - j. Suppose 4*h = 16 + k. What is the remainder when h is divided by 3?
2
Let p = 28 + -26. What is the remainder when 6 is divided by 1/(p/24*3)?
2
Let o = 12 + -10. Let z(j) = 13*j - 1. What is the remainder when z(o) is divided by 9?
7
Let o(j) = j - 8. Let n be o(11). Suppose 0 = c - 0*c - 3*d - 5, 2*c = n*d + 16. What is the remainder when 43 is divided by c?
10
Let u(v) = -v**3 - 5*v**2 - 3*v - 14. What is the remainder when 1 is divided by u(-5)?
0
Let g = 0 - -1. Let v be (-6)/2 - (-1 - 5). Suppose k - 4*a = -11, 0*a + a - v = 0. Calculate the remainder when k is divided by g.
0
Let j = 15 - 11. Suppose -x = -j*x - 66. Let q = x - -48. What is the remainder when q is divided by 14?
12
Suppose 3*d = 55 - 10. Let a be 72/(28/12 - 3). What is the remainder when -5*(a/10 + 2) is divided by d?
14
Calculate the remainder when 130 is divided by (-76)/(-8)*5*(-2)/(-5).
16
Suppose -2*p - d + 47 + 106 = 0, 0 = -4*d + 4. Let u = p - 32. What is the remainder when u is divided by -15*1*(2 + -3)?
14
Suppose -7 = -l - s, -4*l + 0*s = 3*s - 30. What is the remainder when (-1)/2*-50*1 is divided by l?
7
What is the remainder when (8 + -7)/(1/61) is divided by 16?
13
Suppose -20*c + 420 = -10*c. Suppose 2*t + 5*d - 55 = 0, 4*d + 17 = 2*t + 7. Calculate the remainder when c is divided by t.
12
Let i be (20/6)/(2/6). Suppose -o + i = o. Suppose -2*x - o = -3*x. Calculate the remainder when x is divided by 3.
2
Suppose 252 = 4*w - 3*x, -3*x + 103 = 2*w - 23. Calculate the remainder when w is divided by 13.
11
Let s be 0/1*1 - -2. Suppose 5*u + 0*u = -4*t + 216, -u = s*t - 42. Suppose 0 - 23 = -x. Calculate the remainder when u is divided by x.
21
Suppose -1 = -0*h - h. What is the remainder when 2 is divided by (-3 - -2) + h + 1?
0
Let x(l) = -l**3 + 8*l**2 - 7*l - 6. Let q be x(7). Let t be (q/(-9))/(2/9). Suppose -24 = -t*p + p. Calculate the remainder when p is divided by 7.
5
Let n be 3/(-2)*2/(-1). Calculate the remainder when n/7 + (-232)/(-14) is divided by 6.
5
Let h(k) = -k**2 - 8*k - 7. Let d be h(-7). Let l = d - -5. Suppose -c = -0*y + 2*y - 81, -l*c = y - 54. Calculate the remainder when y is divided by 10.
9
Let n = -28 - -29. Calculate the remainder when 163/5 + (-2)/(-5) is divided by (2/4)/(n/24).
9
Let q(o) = 19*o**2 - o - 1. What is the remainder when q(-1) is divided by 11?
8
Let i = -26 - -39. Let c = 35 - i. Let m(p) = p**3 + 7*p**2 - 9*p. Calculate the remainder when c is divided by m(-8).
6
Suppose 2*y + 44 = -5*v, 0*y + 28 = -y - 4*v. Let j = y + 20. Suppose j = k - 54. What is the remainder when k is divided by 21?
20
Suppose 5*h - 35 = 5*n - 0*n, -n = 2*h - 17. Calculate the remainder when 23 is divided by h.
7
Let s(n) = -1 - 4*n**2 + n + 3 + 5*n - n**3. Let t be s(-4). Let b = 53 + t. Calculate the remainder when b is divided by 16.
15
Let s be -3 - (-5)/(15/6). Let u = s + 12. Calculate the remainder when u is divided by ((-4)/3)/((-4)/18).
5
Suppose 2*k = 2, -2*z - 3*z + 90 = 5*k. Calculate the remainder when -12*1*10/(-4) - -3 is divided by z.
16
Let j be (-2)/(-10) - 34/(-5). Suppose 8*v - 6 = j*v. Calculate the remainder when 27 is divided by v.
3
Let k = -25 - -61. Let t(b) be the first derivative of -b**3/3 + 4*b**2 + b - 3. Calculate the remainder when k is divided by t(6).
10
Let w be 15 + (-1)/2*2. Let g = w - 10. What is the remainder when 6